number?
True
Is 5553059 a composite number?
False
Is 11088739 composite?
False
Is 4354139 prime?
False
Is 42808287 composite?
True
Is 26034339 composite?
True
Is 16645381 prime?
False
Is 1996133 a composite number?
True
Is 755455 prime?
False
Is 6633233 a prime number?
False
Is 34388894 a prime number?
False
Is 655961 a prime number?
True
Is 34259293 prime?
False
Is 54242323 a composite number?
False
Is 410611 prime?
False
Is 2966267 a composite number?
False
Is 114204823 composite?
False
Is 61645679 a composite number?
True
Is 12554681 a prime number?
True
Is 9855029 prime?
True
Is 7608917 prime?
False
Is 1750785658 composite?
True
Is 92198941 prime?
False
Is 664722887 a prime number?
True
Is 37779349 a composite number?
True
Is 1123284451 prime?
True
Is 2178663 a composite number?
True
Is 5115133 prime?
True
Is 14352355 prime?
False
Is 689803 a prime number?
True
Is 479887 prime?
False
Is 33703001 a composite number?
False
Is 1135997 a prime number?
True
Is 301123 a prime number?
True
Is 98179 prime?
True
Is 43559773 prime?
True
Is 57263 prime?
False
Is 4860367 a prime number?
True
Is 215108923 prime?
True
Is 8101798 a prime number?
False
Is 4062413 a composite number?
False
Is 3650003 a composite number?
True
Is 1919611 composite?
True
Is 86776387 prime?
True
Is 30371777 a prime number?
False
Is 1653933 prime?
False
Is 1941913445 composite?
True
Is 85436599 a prime number?
True
Is 2869765 composite?
True
Is 58054261 a composite number?
False
Is 295415 a composite number?
True
Is 1217929 a composite number?
True
Is 343963 composite?
False
Is 67771607 a composite number?
True
Is 12579379 a composite number?
True
Is 204316271 prime?
True
Is 1734463 composite?
False
Is 41217443 a composite number?
True
Is 5476519 a prime number?
False
Is 9393659 a composite number?
True
Is 33349919 a composite number?
False
Is 124294481 prime?
True
Is 21774047 composite?
False
Is 11672299 prime?
True
Is 47990647 composite?
False
Is 11589587 prime?
False
Is 4971731 composite?
True
Is 54769237 composite?
False
Is 15926711 a composite number?
False
Is 3462619 a prime number?
True
Is 191372759 a prime number?
False
Is 7989649 composite?
False
Is 15465127 prime?
True
Is 3644401 composite?
True
Is 6219679 composite?
False
Is 13155031 prime?
True
Is 1972169 prime?
True
Is 890541467 a composite number?
True
Is 4668407 a prime number?
True
Is 322010393 prime?
True
Is 137384449 a prime number?
True
Is 758299 a prime number?
True
Is 9813043 prime?
True
Is 10909345 a prime number?
False
Is 846043 prime?
False
Is 135105497 composite?
False
Is 207581329 prime?
True
Is 25620521 a composite number?
True
Is 555029 composite?
False
Is 242682131 composite?
True
Is 3235319 composite?
False
Is 3829751 a prime number?
True
Is 2758093 a prime number?
False
Is 359455079 composite?
False
Is 252647 prime?
False
Is 978354977 a composite number?
False
Is 40087783 a composite number?
False
Is 19702033 a prime number?
False
Is 74093567 prime?
False
Is 431453353 prime?
False
Is 792503 a composite number?
True
Is 477410403 a prime number?
False
Is 283453089 a prime number?
False
Is 16636409 prime?
True
Is 9533717 prime?
True
Is 5550509 a composite number?
True
Is 9283057 a prime number?
False
Is 4583507 composite?
False
Is 6743603 a prime number?
True
Is 2781179 composite?
True
Is 13204237 composite?
False
Is 225231239 composite?
False
Is 12631303 a prime number?
True
Is 249542003 a prime number?
False
Is 27647453 a composite number?
False
Is 6461657 prime?
True
Is 52535787 a prime number?
False
Is 39208807 a prime number?
False
Is 5773097 a composite number?
True
Is 23846073 composite?
True
Is 2168303 composite?
False
Is 10318421 a prime number?
False
Is 803617 prime?
False
Is 47505169 a composite number?
False
Is 975179 a composite number?
True
Is 3914737 composite?
True
Is 21211401 a prime number?
False
Is 18571921 a composite number?
False
Is 65371147 prime?
True
Is 33334229 a prime number?
False
Is 38933953 a composite number?
True
Is 745483 prime?
False
Is 11923829 a prime number?
True
Is 15494489 composite?
True
Is 582193 a composite number?
True
Is 5232607 a composite number?
False
Is 1753049 a prime number?
True
Is 1579957 a prime number?
False
Is 12070021 prime?
True
Is 895421 prime?
True
Is 435142663 a prime number?
False
Is 16580489 a composite number?
True
Is 157518799 composite?
True
Is 121512031 a prime number?
False
Is 901451 a prime number?
True
Is 1002426103 a prime number?
False
Is 4987277 composite?
True
Is 37740559 a composite number?
False
Is 31759939 prime?
True
Is 3812071 composite?
False
Is 11281 prime?
False
Is 20221321 composite?
True
Is 214813343 composite?
True
Is 6871489 a prime number?
False
Is 72665917 a prime number?
True
Is 346991 a composite number?
True
Is 2552257 prime?
False
Is 736243 a prime number?
True
Is 21187913 a composite number?
False
Is 30475283 prime?
True
Is 1050713 a prime number?
True
Is 139447639 a prime number?
True
Is 2177869 a composite number?
True
Is 11307851 a composite number?
False
Is 57117217 a prime number?
False
Is 36610397 prime?
False
Is 118745897 prime?
True
Is 1020167 prime?
False
Is 12874987 a composite number?
False
Is 23051257 composite?
True
Is 774491 a composite number?
False
Is 114262741 composite?
True
Is 114871843 composite?
False
Is 1878769 composite?
False
Is 216963499 a prime number?
False
Is 14098439 composite?
False
Is 3233411 a prime number?
False
Is 659595743 prime?
False
Is 322361707 a prime number?
True
Is 7873787 prime?
True
Is 22927019 a composite number?
False
Is 295690259 prime?
True
Is 18698183 prime?
False
Is 1541209 a composite number?
False
Is 5809829 a prime number?
True
Is 132541751 prime?
True
Is 9598471 a composite number?
True
Is 199132383 composite?
True
Is 1244591 composite?
False
Is 1027841 composite?
False
Is 79192469 prime?
False
Is 31177487 a prime number?
False
Is 41117 prime?
True
Is 13959493 composite?
False
Is 2000249 a composite number?
False
Is 67878137 a composite number?
False
Is 16718291 composite?
False
Is 24976495 a prime number?
False
Is 110999659 a prime number?
True
Is 4458341 composite?
True
Is 18708603 a composite number?
True
Is 2868269 prime?
False
Is 21508853 prime?
False
Is 1763653 a composite number?
True
Is 161696273 prime?
False
Is 134777 a composite number?
False
Is 10319591 prime?
False
Is 1920731 composite?
False
Is 3965723 prime?
True
Is 3514781 a composite number?
True
Is 15764071 composite?
False
Is 36706277 composite?
True
Is 336128587 a prime number?
False
Is 520911451 composite?
True
Is 893707027 composite?
False
Is 5438851 composite?
True
Is 17317801 composite?
True
Is 1275499 composite?
False
Is 40027777 composite?
False
Is 59767931 a composite number?
False
Is 1401233 a prime number?
True
Is 5594713 a composite number?
False
Is 3287143 a prime number?
True
Is 10301777 a prime number?
True
Is 7673667 a prime number?
False
Is 868327 prime?
True
Is 4269271 a prime number?
False
Is 434501 composite?
False
Is 768617 composite?
True
Is 352878653 composite?
True
Is 6064481 a prime number?
False
Is 10091953 a prime number?
True
Is 3386797 composite?
False
Is 100615193 a composite number?
True
Is 95321243 prime?
False
Is 8284501 prime?
False
Is 21012677 a prime number?
False
Is 45138227 composite?
False
Is 628879 a prime number?
False
Is 1482233 prime?
True
Is 1549001 a composite number?
True
Is 38989 composite?
True
Is 24690727 prime?
True
Is 90475571 a composite number?
False
Is 30594749 composite?
False
Is 27950491 composite?
False
Is 147016843 a composite number?
False
Is 84679 composite?
True
Is 291127 composite?
True
Is 11393561 prime?
True
Is 21939161 a composite number?
False
Is 186166859 a prime number?
False
Is 1877433 composite?
True
Is 77294123 a prime number?
True
Is 34164461 a prime number?
True
Is 18272327 composite?
True
Is 661293427 composite?
True
Is 46344871 a composite number?
True
Is 114853259 a composite number?
True
Is 19143247 composite?
False
Is 10117123 a prime number?
False
Is 461479 a composite number?
False
Is 8778967 a composite number?
True
Is 47798717 a composite number?
True
Is 42725143 prime?
True
Is 17310199 prime?
False
Is 84460997 prime?
True
Is 40203897 composite?
True
Is 2051527 composite?
True
Is 5051209 prime?
True
Is 36